{"id":1220,"date":"2024-11-27T22:10:26","date_gmt":"2024-11-27T21:10:26","guid":{"rendered":"https:\/\/patch-s.ch\/?page_id=1220"},"modified":"2024-11-27T22:11:51","modified_gmt":"2024-11-27T21:11:51","slug":"mentions-legales","status":"publish","type":"page","link":"https:\/\/patch-s.ch\/index.php\/mentions-legales\/","title":{"rendered":"Mentions l\u00e9gales"},"content":{"rendered":"\n  \n    \n    <section class=\"u-clearfix u-custom-color-28 u-section-2\" id=\"sec-e140\">\n      <div class=\"u-clearfix u-sheet u-sheet-1\">\n        <p class=\"u-align-left u-text u-text-custom-color-27 u-text-default u-text-1\">\n          <span style=\"font-size: 1.5rem;\"><b>Mentions l\u00e9gales<\/b>\n          <\/span><b><\/b>\n          <br>\n          <br><b>1. \u00c9diteur du site<\/b>\n          <br>Nom de l\u2019entreprise : Patch\u2019s<br>Statut juridique : Auto-entrepreneur<br>Adresse : Route des Villages 35, 1611 Le Cr\u00eat<br>T\u00e9l\u00e9phone : +41 79 765 63 58<br>Adresse email : contact@patch-s.ch<br>Num\u00e9ro d\u2019inscription au Registre du commerce : En cours<br>Num\u00e9ro de TVA : non applicable pour l'instant<br>\n          <br><b>2. H\u00e9bergeur du site<\/b>\n          <br>Nom de l\u2019h\u00e9bergeur : Hostinger<br>Site web : <a href=\"https:\/\/www.hostinger.fr\" class=\"u-active-none u-border-none u-btn u-button-link u-button-style u-hover-none u-none u-text-palette-1-base u-btn-1\" target=\"_blank\" rel=\"noopener\">https:\/\/www.hostinger.fr<\/a>\n          <br>\n          <br><b>3. Propri\u00e9t\u00e9 intellectuelle<\/b><b><\/b> Le contenu de ce site (textes, images, illustrations, logos, fichiers, etc.) est prot\u00e9g\u00e9 par les lois en vigueur sur la propri\u00e9t\u00e9 intellectuelle. Toute reproduction, repr\u00e9sentation, modification, publication, adaptation de tout ou partie des \u00e9l\u00e9ments du site est interdite sans l\u2019autorisation \u00e9crite pr\u00e9alable de Patch\u2019s.<br>\n          <br><b>4. Responsabilit\u00e9<\/b><b><\/b> Patch\u2019s s\u2019efforce de fournir des informations fiables et \u00e0 jour sur ce site. Toutefois, l\u2019entreprise ne saurait \u00eatre tenue responsable des erreurs, omissions ou \u00e9ventuelles interruptions de service.<br>\n          <br><b>5. Liens hypertextes<\/b><b><\/b> Ce site peut contenir des liens vers d\u2019autres sites web. Patch\u2019s d\u00e9cline toute responsabilit\u00e9 concernant le contenu de ces sites tiers.<br>\n          <br><b>6. Donn\u00e9es personnelles<\/b><b><\/b> Pour plus d\u2019informations sur le traitement de vos donn\u00e9es personnelles, veuillez consulter notre <a href=\"https:\/\/patch-s.ch\/index.php\/politique-de-confidentialite-2\/\" class=\"u-active-none u-border-none u-btn u-button-link u-button-style u-hover-none u-none u-text-palette-1-base u-btn-2\">politique de confidentialit\u00e9.<\/a>\n          <br>\n          <br><b>7. Cookies<\/b><b><\/b> Ce site utilise des cookies pour am\u00e9liorer votre exp\u00e9rience. Pour en savoir plus, consultez notre <a href=\"https:\/\/patch-s.ch\/index.php\/politique-cookies\/\" class=\"u-active-none u-border-none u-btn u-button-link u-button-style u-hover-none u-none u-text-palette-1-base u-btn-3\">politique de cookies.<\/a>\n          <br>\n          <br><b>8. Loi applicable<\/b><b><\/b> Les pr\u00e9sentes mentions l\u00e9gales sont r\u00e9gies par les lois Suisses.&nbsp;\n        <\/p>\n      <\/div>\n    <\/section>\n    \n    \n    \n    \n  \n","protected":false},"excerpt":{"rendered":"<p>Mentions l\u00e9gales 1. \u00c9diteur du site Nom de l\u2019entreprise : Patch\u2019sStatut juridique : Auto-entrepreneurAdresse : Route des Villages 35, 1611 Le Cr\u00eatT\u00e9l\u00e9phone : +41 79 765 63 58Adresse email : contact@patch-s.chNum\u00e9ro d\u2019inscription au Registre du commerce : En coursNum\u00e9ro de TVA : non applicable pour l&#8217;instant 2. H\u00e9bergeur du site Nom de l\u2019h\u00e9bergeur : HostingerSite &hellip; <a href=\"https:\/\/patch-s.ch\/index.php\/mentions-legales\/\" class=\"more-link\">Continue reading<span class=\"screen-reader-text\"> &#8220;Mentions l\u00e9gales&#8221;<\/span><\/a><\/p>\n","protected":false},"author":1,"featured_media":0,"parent":0,"menu_order":0,"comment_status":"closed","ping_status":"closed","template":"","meta":{"om_disable_all_campaigns":false,"_monsterinsights_skip_tracking":false,"_monsterinsights_sitenote_active":false,"_monsterinsights_sitenote_note":"","_monsterinsights_sitenote_category":0,"footnotes":""},"class_list":["post-1220","page","type-page","status-publish","hentry"],"_links":{"self":[{"href":"https:\/\/patch-s.ch\/index.php\/wp-json\/wp\/v2\/pages\/1220","targetHints":{"allow":["GET"]}}],"collection":[{"href":"https:\/\/patch-s.ch\/index.php\/wp-json\/wp\/v2\/pages"}],"about":[{"href":"https:\/\/patch-s.ch\/index.php\/wp-json\/wp\/v2\/types\/page"}],"author":[{"embeddable":true,"href":"https:\/\/patch-s.ch\/index.php\/wp-json\/wp\/v2\/users\/1"}],"replies":[{"embeddable":true,"href":"https:\/\/patch-s.ch\/index.php\/wp-json\/wp\/v2\/comments?post=1220"}],"version-history":[{"count":0,"href":"https:\/\/patch-s.ch\/index.php\/wp-json\/wp\/v2\/pages\/1220\/revisions"}],"wp:attachment":[{"href":"https:\/\/patch-s.ch\/index.php\/wp-json\/wp\/v2\/media?parent=1220"}],"curies":[{"name":"wp","href":"https:\/\/api.w.org\/{rel}","templated":true}]}}